 is -3 (base 12) in base 5?
-3
Convert -2e (base 15) to base 6.
-112
90 (base 10) to base 9
110
-22 (base 6) to base 14
-10
-21 (base 13) to base 15
-1c
Convert 122 (base 3) to base 9.
18
Convert -12 (base 3) to base 11.
-5
Convert -22 (base 12) to base 4.
-122
30 (base 4) to base 13
c
Convert 1 (base 13) to base 16.
1
Convert 4 (base 7) to base 2.
100
-15 (base 9) to base 6
-22
1 (base 5) to base 7
1
What is 1 (base 13) in base 2?
1
Convert -120 (base 3) to base 11.
-14
What is 1 (base 12) in base 8?
1
Convert 12 (base 8) to base 2.
1010
What is 37 (base 16) in base 3?
2001
1a (base 13) to base 10
23
Convert 11200 (base 4) to base 9.
431
What is 2 (base 14) in base 9?
2
54 (base 8) to base 15
2e
What is 69 (base 11) in base 16?
4b
Convert -320 (base 5) to base 6.
-221
Convert 11 (base 16) to base 8.
21
32 (base 5) to base 15
12
Convert 1b2 (base 13) to base 14.
186
Convert -c (base 14) to base 3.
-110
Convert -232 (base 4) to base 8.
-56
Convert 138 (base 10) to base 7.
255
-12 (base 5) to base 4
-13
Convert 50 (base 10) to base 12.
42
What is -4a (base 15) in base 16?
-46
What is 1 (base 13) in base 11?
1
1 (base 3) to base 12
1
What is -10 (base 12) in base 14?
-c
Convert -222 (base 3) to base 16.
-1a
-22 (base 7) to base 14
-12
What is 5 (base 10) in base 7?
5
What is -57 (base 9) in base 16?
-34
What is -13a (base 11) in base 13?
-c8
11 (base 2) to base 15
3
What is -7 (base 13) in base 4?
-13
a0 (base 12) to base 7
231
Convert -d (base 16) to base 10.
-13
20 (base 6) to base 10
12
-7 (base 15) to base 2
-111
a (base 11) to base 10
10
Convert -2 (base 15) to base 9.
-2
-6a (base 13) to base 5
-323
-10100101 (base 2) to base 14
-bb
Convert 4 (base 16) to base 2.
100
What is 23 (base 12) in base 5?
102
Convert 7 (base 16) to base 11.
7
Convert 11122 (base 3) to base 11.
104
What is -31 (base 16) in base 7?
-100
1031 (base 6) to base 4
3223
-15 (base 6) to base 13
-b
What is -5 (base 15) in base 16?
-5
Convert -11 (base 16) to base 13.
-14
-1 (base 10) to base 14
-1
What is 1 (base 3) in base 16?
1
What is -1d (base 15) in base 6?
-44
-1 (base 11) to base 14
-1
-3 (base 10) to base 15
-3
-5a (base 13) to base 9
-83
113 (base 8) to base 2
1001011
17 (base 8) to base 12
13
Convert -17 (base 15) to base 4.
-112
What is 3 (base 15) in base 2?
11
What is -2 (base 15) in base 12?
-2
Convert 7b (base 16) to base 5.
443
What is 2 (base 7) in base 4?
2
What is 12 (base 9) in base 16?
b
13 (base 6) to base 7
12
What is -4 (base 8) in base 10?
-4
3 (base 11) to base 9
3
Convert -1 (base 9) to base 13.
-1
What is 17 (base 10) in base 9?
18
140 (base 5) to base 15
30
What is 29 (base 13) in base 10?
35
Convert 12 (base 4) to base 12.
6
What is -32 (base 7) in base 16?
-17
15 (base 11) to base 2
10000
Convert 111 (base 6) to base 9.
47
-12 (base 12) to base 2
-1110
-35 (base 14) to base 16
-2f
243 (base 7) to base 11
108
68 (base 12) to base 13
62
Convert 10111010 (base 2) to base 3.
20220
-39 (base 15) to base 2
-110110
What is 1 (base 10) in base 7?
1
-45 (base 11) to base 8
-61
Convert -5 (base 10) to base 16.
-5
Convert -214 (base 8) to base 7.
-260
What is -3 (base 11) in base 2?
-11
What is -3 (base 12) in base 16?
-3
What is -2021 (base 3) in base 7?
-115
Convert -414 (base 6) to base 5.
-1104
26 (base 11) to base 8
34
20 (base 9) to base 15
13
What is 3 (base 7) in base 13?
3
-4a (base 15) to base 4
-1012
What is -1 (base 16) in base 2?
-1
Convert -24 (base 15) to base 6.
-54
What is -b (base 14) in base 2?
-1011
-9 (base 14) to base 10
-9
-206 (base 8) to base 3
-11222
Convert -34 (base 8) to base 9.
-31
What is 13 (base 10) in base 13?
10
4 (base 14) to base 12
4
3 (base 12) to base 2
11
Convert 0 (base 9) to base 12.
0
What is 49 (base 14) in base 12?
55
Convert -4 (base 10) to base 9.
-4
What is 7 (base 11) in base 12?
7
Convert -1 (base 9) to base 3.
-1
2 (base 13) to base 8
2
31 (base 10) to base 2
11111
What is -101 (base 2) in base 4?
-11
What is -10 (base 3) in base 7?
-3
-1 (base 9) to base 11
-1
What is 111 (base 5) in base 12?
27
What is 121 (base 5) in base 10?
36
What is -30 (base 10) in base 15?
-20
3 (base 6) to base 14
3
What is 11 (base 4) in base 2?
101
-115 (base 6) to base 12
-3b
Convert -179 (base 15) to base 8.
-523
Convert -44 (base 13) to base 11.
-51
35 (base 11) to base 14
2a
-24 (base 7) to base 8
-22
-17 (base 11) to base 15
-13
What is 215 (base 8) in base 16?
8d
11011101 (base 2) to base 16
dd
Convert c (base 14) to base 15.
c
Convert 1 (base 8) to base 4.
1
Convert 63 (base 7) to base 13.
36
What is -81 (base 14) in base 12?
-95
-5a (base 13) to base 4
-1023
Convert -2a4 (base 11) to base 12.
-258
Convert -16 (base 9) to base 16.
-f
What is -9 (base 14) in base 4?
-21
What is -1230 (base 5) in base 10?
-190
Convert 2010 (base 3) to base 15.
3c
What is 2 (base 14) in base 13?
2
What is -19 (base 15) in base 2?
-11000
-12 (base 13) to base 11
-14
Convert 1 (base 10) to base 6.
1
Convert -48 (base 11) to base 16.
-34
-2122 (base 4) to base 6
-414
What is 4 (base 14) in base 9?
4
Convert 44 (base 15) to base 3.
2101
Convert 76 (base 16) to base 4.
1312
What is -1001 (base 2) in base 4?
-21
What is 11 (base 11) in base 13?
c
Convert 1000011 (base 2) to base 11.
61
What is 2001 (base 4) in base 15?
89
10 (base 11) to base 16
b
Convert c7 (base 13) to base 16.
a3
23 (base 11) to base 14
1b
What is -97 (base 15) in base 13?
-ac
What is 1 (base 4) in base 2?
1
What is 10 (base 3) in base 6?
3
Convert -10111 (base 2) to base 8.
-27
What is 141 (base 14) in base 3?
100101
Convert 2 (base 13) to base 8.
2
-14 (base 11) to base 8
-17
-2100 (base 3) to base 13
-4b
Convert -84 (base 10) to base 6.
-220
1 (base 12) to base 10
1
-7 (base 15) to base 16
-7
Convert 3 (base 9) to base 4.
3
What is -4 (base 16) in base 8?
-4
What is -2 (base 6) in base 10?
-2
Convert 23 (base 7) to base 15.
12
Convert -83 (base 15) to base 8.
-173
What is -143 (base 8) in base 15?
-69
What is -33 (base 8) in base 13?
-21
What is -8 (base 12) in base 5?
-13
1 (base 11) to base 4
1
What is 42 (base 16) in base 8?
102
What is -333 (base 5) in base 6?
-233
Convert -64 (base 16) to base 14.
-72
-424 (base 7) to base 3
-21221
What is -1 (base 10) in base 5?
-1
Convert -3 (base 9) to base 12.
-3
Convert -174 (base 16) to base 6.
-1420
What is -1111001 (base 2) in base 4?
-1321
What is 17 (base 11) in base 3?
200
Convert 63 (base 8) to base 6.
123
What is 5 (base 14) in base 5?
10
What is -1 (base 13) in base 2?
-1
15 (base 9) to base 14
10
What is 97 (base 14) in base 4?
2011
Convert 16 (base 12) to base 11.
17
Convert 16b (base 14) to base 9.
353
1b (base 14) to base 10
25
6a (base 14) to base 2
1011110
Convert 243 (base 6) to base 15.
69
Convert 2 (base 5) to base 10.
2
Convert 22 (base 10) to base 2.
10110
-2 (base 9) to base 16
-2
Convert -11 (base 6) to base 7.
-10
-1011 (base 5) to base 14
-95
313 (base 4) to base 8
67
Convert -6 (base 7) to base 12.
-6
Convert 152 (base 14) to base 9.
327
What is 30 (base 4) in base 2?
1100
-23 (base 15) to base 11
-30
What is 2 (base 8) in base 2?
10
What is 1002 (base 4) in base 2?
1000010
Convert 3 (base 8) to base 15.
3
What is 11 (base 4) in base 6?
5
-42 (base 11) to base 3
-1201
Convert -141 (base 10) to base 5.
-1031
Convert 3 (base 14) to base 16.
3
What is -3 (base 7) in base 10?
-3
-11010 (base 2) to base 14
-1c
Convert -42 (base 16) to base 15.
-46
-11 (base 7) to base 6
-12
What is -5 (base 8) in base 12?
-5
What is 10 (base 4) in base 10?
4
What is -15 (base 15) in base 11?
-19
Convert 31 (base 9) to base 2.
11100
Convert -6 (base 9) to base 15.
-6
Convert 22110 (base 3) to base 4.
3210
Convert cb (base 14) to base 10.
179
1032 (base 4) to base 6
210
What is 1110 (base 2) in base 8?
16
-47 (base 12) to base 8
-67
c8 (base 14) to base 12
128
-1 (base 3) to base 12
-1
What is -34 (base 5) in base 7?
-25
What is -330 (base 6) in base 11?
-105
What is -22 (base 15) in base 16?
-20
What is 2 (base 6) in base 13?
2
What is -3 (base 14) in base 11?
-3
Convert -20 (base 5) to base 13.
-a
What is -1 (base 2) in base 16?
-1
Convert -3a (base 12) to base 3.
-1201
What is 2 (base 8) in base 16?
2
Convert 155 (base 6) to base 11.
65
Convert 32 (base 7) to base 10.
23
What is 21011 (base 3) in base 16?
c1
Convert -